 7*y**2 + 2*y + 4. Suppose 4*t - 25 = -4*j + t, 0 = -2*j + 3*t - 1. What is the hundreds digit of l(j)?
1
Suppose 2*z + 38 - 60 = 0. Suppose -140 = 4*d - z*d. What is the tens digit of d?
2
Let u be 1 + -1 - (0 + -6). Let g(a) be the first derivative of 5*a**2 - 3*a - 24. What is the units digit of g(u)?
7
Suppose 0 = 4*c - 20, -3*l - c - 4*c + 1642 = 0. What is the tens digit of l?
3
Suppose 5*w - 648 + 83 = 0. What is the units digit of w?
3
Let l = 22 + 78. Let p(q) = -23*q + 1. Let t be p(2). Let y = t + l. What is the tens digit of y?
5
Let m be ((-1)/(-4))/((-1)/(-20)). Let p be 1/m - 81/(-45). Suppose 5 = -0*d + 3*d + 4*u, -p*u = -5*d + 17. What is the units digit of d?
3
Suppose -11*t + 8*t = 60. What is the units digit of (t/(-14))/(-5) - 592/(-14)?
2
Let a be (-10 - -6)*5/8*-2. Let v(n) = 36*n + 24. What is the hundreds digit of v(a)?
2
Let i(b) = 6*b**2 + 73*b + 8. What is the thousands digit of i(11)?
1
Let s = 709 + -310. What is the units digit of s?
9
Suppose 0 = 4*a - 26*a + 110. Let n(l) = -l + 9. Let q be n(0). Suppose -a*v + 199 = q. What is the tens digit of v?
3
Suppose 0 = 6*k - 1031 - 1099. What is the units digit of k?
5
Let a = 95 + -19. Let h = -3 + a. What is the units digit of h?
3
Suppose 0 = -4*g + 3*g. Suppose 2*a - 5*r + 8 = g, 0 = 2*a - a + 4*r - 9. What is the units digit of a - 1/(-2)*0?
1
Suppose 0*g + g = -4*q + 493, -3 = -3*g. What is the units digit of q?
3
Let j(y) = y**3 + 2*y + 7. Let x be j(3). Let d = x - 6. What is the units digit of d?
4
Let k be (-1 + 2)/(3/(-6)). What is the tens digit of (4 - (k - -5))*57?
5
Suppose -1845 = -16*s + 315. What is the tens digit of s?
3
Let a(k) be the first derivative of 2*k**3/3 + 3*k**2/2 + 17*k + 9. What is the tens digit of a(6)?
0
Suppose 625 = q - 2*d, q = 5*q + 5*d - 2539. Let o be (q + 4)*2/10. Suppose 4*f - o = -x, 4*f - 4*x = -x + 131. What is the tens digit of f?
3
Let h(s) = s**3 + 48*s**2 + 61*s + 409. What is the hundreds digit of h(-46)?
8
Let r(o) = 190*o**2 - 13*o - 50. What is the tens digit of r(-4)?
4
Suppose 13*p + 80 = 9*p. Let b(d) = d**3 + 21*d**2 + 19*d + 9. What is the tens digit of b(p)?
2
Let q(b) = 7*b**3 + b**2 + 8*b + 5. What is the units digit of q(4)?
1
Let w(c) = 32*c + 102. Let x(o) = -11*o - 34. Let t(b) = 3*w(b) + 8*x(b). What is the hundreds digit of t(12)?
1
Suppose -k - u = -4 - 8, 2*k = -u + 22. Suppose -4*y = 2*z - k, 3*z - 2*y - 8 = -1. Suppose z*i - 10 = -2*i. What is the units digit of i?
2
Let c(p) = 3*p**2 - 3*p + 2. Let j be c(1). Suppose -3*r = -3*d + 211 + 5, -j*d + 3*r + 148 = 0. What is the tens digit of d?
6
Let j = 72 - 52. Let g(t) = -2*t**2 - 2*t + 3. Let a be g(-3). Let u = j + a. What is the tens digit of u?
1
Suppose -162*n - 12362 = -169*n. What is the hundreds digit of n?
7
Suppose 11 = 2*g - 35. Suppose -20*y = -g*y + 33. What is the units digit of y?
1
Let d(q) = q**3 + 6*q**2 + 3*q - 8. Let x be d(6). Suppose -4*b - 94 = -x. What is the tens digit of b?
8
Let n = -400 - -521. What is the hundreds digit of n?
1
What is the hundreds digit of (-2853)/(-18)*(-2)/(-1)?
3
Suppose -28*p + 2191 = -21*p. Suppose 2*s - p = -5*v, -4*v - 5*s = -186 - 61. What is the units digit of v?
3
What is the units digit of 44/66 + 3952/3?
8
Suppose 2*f + 0*f - 38 = -2*c, 3*c = -2*f + 54. Let r be (c/12)/((-6)/45). What is the units digit of (-40)/6*96/r?
4
Let t = 5 + 7. Suppose 3 - 15 = -q + 2*k, -5*k = 2*q + t. Let i(n) = 2*n**2 - 2*n - 5. What is the units digit of i(q)?
9
Suppose -4*f - 24 = -3*c, 5*f + 2 - 10 = -c. Suppose 5*k + c = m, -3*m - 5*k - 43 + 7 = 0. Let y = m + 9. What is the units digit of y?
2
Let s = -69 + 20. Let h be (-1)/((2 - 0)/(-140)). Let k = s + h. What is the units digit of k?
1
Let y = 13 - -27. Let a be y/(-7)*(-7)/2. Suppose a*s = 19*s + 34. What is the tens digit of s?
3
Let q(h) = 8*h + 15. Let u be q(-2). Let r(m) be the first derivative of -11*m**4/2 + m**3/3 + m**2/2 + m - 1. What is the tens digit of r(u)?
2
Let y = 15 + -13. Let l be ((-8)/14)/(y/(-7)). Suppose l*m = 25 + 11. What is the tens digit of m?
1
Let z(a) = -7*a - 8. Let d(n) = n**3 - 4*n**2 + 4*n. Let k be d(4). Suppose -2*s = -4*m - 26, -5*m = -5*s - k + 61. What is the units digit of z(m)?
0
Let t = -1618 - -2741. What is the units digit of t?
3
Suppose 2*o = -249 + 63. Let f = -27 - o. What is the tens digit of f?
6
Let t(h) = -h**3 + 11*h**2 - 6*h + 5. Let c be (-12 - -7)/(0 + -1). Let l be t(c). Let w = l - 76. What is the units digit of w?
9
Suppose -4*s = 4*z - 21 + 5, 5*z = -4*s + 17. Let y = 84 + -80. Suppose -6*d + 4*d - 2*b + 74 = 0, -s*d - y*b = -112. What is the units digit of d?
6
Suppose 2*l + 179 = 3*l. Suppose -4*j + l + 69 = 0. What is the units digit of j?
2
Suppose -2 - 4 = -g. What is the tens digit of 3*(g/2 + 11)?
4
Let k(y) be the second derivative of y**4/12 + 7*y**3/6 + 4*y**2 + 4*y. Let o be k(-6). Suppose -4*i = -o*i - 36. What is the tens digit of i?
1
Suppose 895 = h + 5*p - 478, -2*p + 8 = 0. What is the hundreds digit of h?
3
Let w(z) = 2*z**2 - 17*z + 20. Let i(c) = -c**2 + 9*c - 10. Let r(b) = 13*i(b) + 6*w(b). What is the tens digit of r(10)?
4
Let w(l) = -l**2 - 16*l - 21. Let c be w(-15). What is the units digit of 78 + 2*9/c?
5
Let x be (5 - 8)*3/((-27)/(-6)). What is the tens digit of 40/4*(-20)/x?
0
Let n(k) = k**3 + k**2 + 325 + 15*k - 15*k. What is the hundreds digit of n(0)?
3
Suppose -135*n + 2510 = -125*n. What is the tens digit of n?
5
Let p(z) = -2*z + 1. Let y be p(-2). Suppose y*n - n = 828. What is the hundreds digit of n?
2
Suppose -7 = -5*g - 27, -k = 2*g + 52. Suppose -80 = 6*a + 70. Let f = a - k. What is the tens digit of f?
1
Let d(i) = -i**2 - 9*i - 8. Let u be d(-6). Suppose 5*o + u = -30. What is the units digit of o/6*(-132)/8?
2
Let l(f) be the second derivative of -f**4/12 - 13*f**3/6 - f**2 + 3*f. Let z be l(-12). Let c = z - 6. What is the units digit of c?
4
Suppose -6*s = -9*s + 33. Let o(f) = f**3 - 10*f**2 - 12*f + 14. Let t be o(s). Suppose 115 = 5*v + m, 2*m = -t*v - v + 92. What is the tens digit of v?
2
Suppose 289197 = 106*d - 39403. What is the hundreds digit of d?
1
Suppose -5*l + 462 = -1053. Suppose -3*y = -4*v - 469 - l, -3*y + 770 = -5*v. Suppose 2*f - 208 = -2*f + 4*q, 0 = 5*f + 3*q - y. What is the units digit of f?
2
Let d be (-3258)/(-10) + 3/15. Suppose d - 59 = 4*h + f, -h + 69 = -2*f. Suppose 58 = 5*l - 2*g + 3*g, -4*g = 5*l - h. What is the units digit of l?
1
Suppose 3*b - 10 = -2*b. Suppose 2*q - 4 = o, 0 = 3*q - 2*o - b*o - 6. What is the units digit of q?
2
Suppose 4*a = -3*h + 1081 + 835, 4*a = -h + 652. What is the units digit of h?
2
Suppose -4*i - 627 = 2*m - 7*m, -3*i + 114 = m. Let t = m - 72. What is the units digit of t?
1
Suppose 3*a + 5*v = 6*v + 719, -3*v = -4*a + 962. Let d = a + -108. What is the tens digit of d?
3
Suppose 6049 = 3*b + 4*u, -5*b + 85*u - 86*u + 10093 = 0. What is the units digit of b?
9
Suppose 16*v - 814 = 2802. What is the tens digit of v?
2
Let t(g) = 36 - 4*g**2 + 2*g - 6*g**2 + g**2 + 8*g**2. What is the units digit of t(0)?
6
Let r = -172 - -107. Let k = 109 + r. What is the tens digit of k?
4
Let m = -123 + 228. Let z = m + -28. What is the units digit of z?
7
Suppose 875 = 10*z - 1105. What is the tens digit of z?
9
Let m(l) = -l**2 - 3. Let g be m(0). Let i be 2/(-3*g/18). Suppose -i*w = -43 + 7. What is the units digit of w?
9
Let b be (-91)/(-26) - 6/(-4). Suppose -104 = b*f - 394. What is the units digit of f?
8
Suppose -3*b + 5*z + 59 = 0, 0 = -b - 4*z - 15 + 12. Let r(h) = 2*h - 18 + h + 2*h. What is the units digit of r(b)?
7
Let o(k) = 161*k + 707. What is the thousands digit of o(5)?
1
Let f(t) = t**2 + 8*t + 10. Let m be f(-7). Let q(k) = -2*k**2 + 4*k - 2. Let l be q(2). What is the units digit of (m - -3) + 1*l?
4
What is the units digit of 2 + -7 - 198/(-18)?
6
Let p(h) be the second derivative of -h**5/20 - 11*h**4/12 - h**3/3 - 7*h**2 - 8*h. What is the units digit of p(-11)?
8
Let k(q) = q**3 + 23*q**2 + 12*q - 39. What is the hundreds digit of k(-22)?
1
Suppose 586 - 122 = 4*z. Suppose -k + z = k. Suppose 3*h - h - k = -2*o, -4*o = 5*h - 113. What is the tens digit of o?
3
Suppose -t + 0*t - 6 = -3*q, 10 = 4*t + 5*q. Let j be 1 - (-1)/1 - -2. Suppose t = -2*d - j*h - h - 16, -1